 Let n be d(15). Let h = 25 + n. Suppose -q + 2*p = -8, p - 43 - 52 = -5*q. Calculate the remainder when q is divided by h.
4
Suppose 0 = -154*v + 94*v + 960. Calculate the remainder when 152 is divided by v.
8
Let y = 38 - 35. Suppose -y*i = -2*o + 2*i + 6, 4*o - 12 = i. What is the remainder when 5 is divided by o?
2
Suppose -2*z - 2*z + 18 = 2*d, 4*z + 5*d - 21 = 0. Let t be 6/z*4/(-3). What is the remainder when (-5)/10 + (-107)/t is divided by 18?
17
Suppose 12*s - 9*s = 72. What is the remainder when 213 is divided by s?
21
Let t(g) = -g**2 - 10*g + 406. Suppose -4*l + 96 = 2*c, 5*c - 73 + 9 = -2*l. What is the remainder when t(-23) is divided by l?
19
Let a = 25 - 11. Suppose -z = -3*f - 85, 0*z - 4*f + 406 = 5*z. Let t = -42 + z. What is the remainder when t is divided by a?
12
What is the remainder when 63 is divided by ((-41)/(-4) + 13 + -14)*4?
26
Suppose -19*v + 21*v + 24 = 0. Calculate the remainder when (-4*43/(-12))/((-2)/v) is divided by 22.
20
Suppose 17*n - 18*n = 1, -2*u + 29 = -n. Calculate the remainder when 415 is divided by u.
9
Let a = 2150 - 974. Calculate the remainder when a is divided by 9.
6
Let j = 57 + -20. Suppose j = -2*f + 137. What is the remainder when f is divided by 26*6/24*(2 - 0)?
11
Let d be (10/(-12))/(((-13)/6)/13). Let n = d - -26. What is the remainder when n is divided by 17?
14
Suppose -88*l + 18298 = 3514. What is the remainder when l is divided by 10?
8
Let x(f) = -f**2 + 13*f. Let p be x(13). Suppose 3*m - 1 - 5 = p. Calculate the remainder when 46 - (0/(-3))/m is divided by 12.
10
Let d be (4/(-8) + 2)*-16. Let a = 75 + d. What is the remainder when a is divided by 9?
6
Let h(m) = -4*m - 11. Let g(d) = -5*d - 10. Let a(z) = 5*g(z) - 6*h(z). Let b be a(14). Calculate the remainder when b + (-4)/4 + 61 is divided by 13.
10
Suppose 4*f + 2*h - 736 = 0, 116*f - 114*f = -5*h + 360. Calculate the remainder when f is divided by 25.
10
Let w = 8 - 0. Suppose 7*z - 26 = -5. Suppose 102 = 3*u + z*g, -2*g - 77 - 65 = -5*u. What is the remainder when u is divided by w?
6
Let u(t) = -7*t + 416. Let h be u(0). Suppose 4*b - 261 = 4*s + 163, 4*b - h = 2*s. Calculate the remainder when b is divided by 15.
12
Let r(s) = -s + 70. Calculate the remainder when 73 is divided by r(37).
7
Let j(g) = g**3 - 3*g**2 - 24*g + 2. Calculate the remainder when 146 is divided by j(7).
26
Let v be 9/(-3)*4/(-6). Let s(i) = -i**2 + 7*i - 3. Let w be s(6). Suppose -3*o + 13 = g, 47 = v*g + w*o + 12. What is the remainder when g is divided by 5?
2
Suppose g + 628 - 253 = 3*x, 2*x - 258 = -2*g. Calculate the remainder when 755 is divided by x.
125
Let t(l) = l**2 + 9*l - 11. Let a be t(-10). Let k be (6 - 7)/(a/75). Suppose 2*x + 3*x = k. What is the remainder when 29 is divided by x?
14
What is the remainder when (-3)/(-5) + (-3960)/(-25) is divided by (-734)/(-18) + (-6)/(-27)*1?
36
Let n be (-32)/(-14) + 4/(-14). Let t be 0/((-3)/6*n). Suppose -2*d - 4*y + t*y = -14, 3*d = 4*y + 11. Calculate the remainder when 9 is divided by d.
4
Suppose -4*w + 3*w - 4*l = -44, 5*w - 220 = l. Calculate the remainder when w is divided by 5.
4
Let w(z) = -4*z + 36. Let s be w(8). Suppose -19 = -s*n + 37. What is the remainder when 38 is divided by n?
10
Suppose -289 = -4*q + 87. Let g = q + -77. What is the remainder when 49 is divided by g?
15
Let m = 86 - -57. What is the remainder when m is divided by 12?
11
Let x(j) = -4*j**3 + j**2 + 3*j + 1. Suppose 2*n = -3*r + 286, -2*r + n - 5*n + 204 = 0. Calculate the remainder when r is divided by x(-2).
30
Suppose -3*u = 21 - 3. Let q(m) be the second derivative of -m**3/6 + 5*m**2/2 + 24*m. Calculate the remainder when q(u) is divided by 6.
5
Suppose 534 = 25*i + 9. Let s(n) = 7*n**3 - 2*n**2 + n. Calculate the remainder when i is divided by s(1).
3
Let h = 101 - 44. Let p = 179 + -141. Suppose -2*c + 2 + p = 0. Calculate the remainder when h is divided by c.
17
Suppose -17 = 4*n + 4*f - 173, -n - 4*f = -45. Suppose -8 = -d - 1. Suppose 27 = 5*b + d, -72 = -4*p + 2*b. Calculate the remainder when n is divided by p.
17
Suppose -3*i + 2*u + 24 = i, i - 3*u - 16 = 0. Let d be -2 - i - -4 - 26. Let f = -22 - d. Calculate the remainder when 21 is divided by f.
3
Let t = -287 + 356. Calculate the remainder when 270 is divided by t.
63
Let z(x) = -x**2 - 18*x - 27. Calculate the remainder when (-11)/(10/15 + 1/(-1)) is divided by z(-16).
3
Let x be 0/((-4)/4 + -1). Suppose x = 4*d - 35 - 33. What is the remainder when 82 is divided by d?
14
Suppose 0 = -5*g + y - 6*y - 205, 0 = -3*g + 5*y - 139. Let x = g + 90. Calculate the remainder when x is divided by 16.
15
Let m be 25 + (-4 - -1)/3. Let a be (2/2)/(6/m). Suppose a*q = 8 + 32. What is the remainder when 19 is divided by q?
9
Suppose 0 = 2*x - x. Suppose -v + 103 = 4*c, -2*v = 4*c - x*v - 98. Suppose 0 = 2*b + c - 203. What is the remainder when b is divided by 30?
28
Let r = 170 - 13. Let g = r - 131. What is the remainder when 76 is divided by g?
24
Suppose -4975 - 13560 = -5*o. What is the remainder when o is divided by 35?
32
Let f(p) = -p**2 - 7*p + 1. Suppose -3*o + 2*z - 6 = 0, 0 = o + 5*z + 15 + 4. Let c(a) = -68*a + 5. Calculate the remainder when f(o) is divided by c(0).
3
Let w = 16 - 7. Let a = w - 3. What is the remainder when 7 is divided by a?
1
Suppose -13*w = -9*w + 16, -3*w - 129 = -3*s. What is the remainder when 135 is divided by s?
18
Suppose -79 - 482 = -3*u. What is the remainder when u is divided by 1359/36 + 18/8 + -2?
35
What is the remainder when (-2 + (-38)/(-4))*940/6 is divided by 49?
48
Let s(b) = b - 7. Let d be s(5). Suppose 36 = 4*g - 4*f, 5*g - 33 = 2*f + 21. What is the remainder when g is divided by d/7 + (-64)/(-28)?
0
Let j = 5 - -1. Suppose 0*f - 37 = -3*u - 4*f, 2*u + 4*f = 22. What is the remainder when u is divided by j?
3
What is the remainder when (-2555)/(-42) - 3/(6*-3) is divided by 7?
5
Let o = 533 + -484. Suppose -4*c + 10 = -3*c. Calculate the remainder when o is divided by c.
9
Let b(y) = -y**2 - 50*y + 2. Calculate the remainder when b(-42) is divided by 50.
38
Suppose -2*l = -j - 275, -18*l - 559 = -22*l + 5*j. What is the remainder when l is divided by 28?
24
Let s(b) = 2*b + 8. Let n be s(-4). Let x(o) = 5*o. Let l be x(1). Suppose l*r + n*r - 215 = 0. What is the remainder when r is divided by 11?
10
Let r(p) = -3*p + 1. Let l be (-81)/(-12) - (9/(-4) + 3). Let j(t) = -t**2 + 8*t - 3. What is the remainder when j(l) is divided by r(-1)?
1
Suppose 4*m + 2*b + 62 = 0, 3*m + b + 0 = -48. Let n = -12 - m. Calculate the remainder when 19 is divided by n.
4
Suppose 3*v - 177 = -c, -4*v = -2*c - 2*c - 252. Suppose -20 = -k + q, -2*k - 4*q = -q - v. Suppose 3*b - k = b. Calculate the remainder when b is divided by 5.
2
Let y = 40 - 21. Let c(d) be the third derivative of 5*d**4/24 - d**2. Calculate the remainder when y is divided by c(2).
9
Suppose 2*z - 48 = 4*z. Calculate the remainder when 60/9*z/(-5) + 1 is divided by 17.
16
Suppose -32*n + 34*n = -2*z + 20, -3*n + 32 = 4*z. Let h(j) = -6*j + 4. What is the remainder when h(-4) is divided by n?
4
Let d be 0 + 6*2/4. Suppose 0 = -2*r + 3*r + d*s - 73, -4*r - 5*s + 271 = 0. What is the remainder when r is divided by 11?
9
Let n(d) = 2*d**3 + 31*d**2 - 19*d - 36. Calculate the remainder when 17 is divided by n(-16).
5
Let r = -6 + 18. Let j(m) = 2*m**2 - 2*m - 3. Let a(u) = -u**3 - 6*u**2 + 6*u - 10. Let q be a(-7). Calculate the remainder when j(q) is divided by r.
9
Let z = 7 + 2. Let h = -3 + z. Calculate the remainder when 41 is divided by h.
5
Let c(d) = 4*d**2 - 13*d - 28. Calculate the remainder when 186 is divided by c(-3).
45
Let y = -867 - -960. Calculate the remainder when y is divided by 12.
9
Suppose 2*d + 2*s = -s + 30, 5*s - 70 = -5*d. What is the remainder when 284/d*(-1 - -4) is divided by 18?
17
Suppose -28*g = -27*g - 62. Let f = 34 + -13. Calculate the remainder when g is divided by f.
20
Let u(z) = 6*z**3 + z - 1. What is the remainder when -1 + 15 - (-8 - -6 - 0) is divided by u(1)?
4
Let s(g) = 4*g - 3. Let o be s(2). Suppose -o = -l - 0. Suppose -5*x = l*m - 38 + 3, x - 1 = m. What is the remainder when 5 is divided by x?
1
Suppose 4*s + 3*g = 138 + 53, -5*s + 239 = 4*g. Suppose 5*k + 36 = 3*v - 30, -5*k = 15. Calculate 